+ 8*d - 3. Let u(b) = -b**2 + b. Let w(r) = -2*u(r) + v(r). What is w(-5)?
-8
Let u(v) = 3*v + 2. Let g(a) = -16*a - 11. Let h(k) = 2*g(k) + 11*u(k). Let w be -7 + (-2)/(-6)*3. Determine h(w).
-6
Let s(x) = -x**3 - 2*x**2 - 1. Let u be s(-2). Let l(k) be the third derivative of 1/6*k**3 + 0 + 0*k + 4*k**2 + 1/24*k**4 - 1/30*k**5. Give l(u).
-2
Let h(y) be the first derivative of -y**2 - y - 1. Give h(-5).
9
Let a(m) = -m - 14. Let o be a(-5). Let x(j) = j**2 + 10*j + 11. Give x(o).
2
Suppose -a - a = 8, -5*t + 4*a = 9. Let k(z) = -z**3 - 5*z**2 + 2*z + 6. Give k(t).
-4
Let a = 12 + -6. Let v(g) = -g**3 + 5*g**2 + 6*g - 2. What is v(a)?
-2
Let d = -3 - -6. Let a(g) = -4*g**2 - 2 + 3*g + g**3 + 0*g**d - 1. What is a(3)?
-3
Let v(x) be the second derivative of 4*x + 0 + 1/3*x**3 + 0*x**2. Calculate v(-3).
-6
Let k(t) be the first derivative of -5*t**2 + 2 - 3*t + 2*t - 5 + 4*t**2. Determine k(-4).
7
Let w(u) be the second derivative of -u**5/20 + u**4/2 - 7*u**2/2 + 2*u. Let f(h) = -h + 22. Let z be f(16). Determine w(z).
-7
Let m(k) = k**2 - 7*k + 1. Let l(i) = 3*i**2 - 21*i + 2. Let s(z) = -4*l(z) + 11*m(z). Determine s(6).
9
Let a be (1 - -1)/(6/(-9)). Let g(h) be the third derivative of -h**4/6 - 2*h**3/3 + 4*h**2 - 2*h. Determine g(a).
8
Let t(n) be the first derivative of n**3/3 + 2*n**2 + 3*n - 7. What is t(-2)?
-1
Let c(q) = -5*q - 21. Let f(h) = h + 4. Let p(w) = -2*c(w) - 11*f(w). What is p(-4)?
2
Let i(a) = a**2 + 14*a + 32. Let r be i(-11). Let f(b) = -9*b**3 - b**2 + 1. Determine f(r).
9
Let z(p) = -p**3 + p**2 + p - 1. Suppose -2*u = -0*u - 2. Let m(d) = -5*d**3 + 2*d**2 + 2*d. Let r(g) = u*z(g) - m(g). Let b = -5 - -4. Determine r(b).
-5
Suppose 0 = 2*f - 7*f + 15. Let y(g) = g**2 + 3*g**2 + 0*g**2 - g - f*g**2. Give y(-2).
6
Let x(y) = -3*y**3 + y**2 - 6*y. Let p be 3 - (-1)/(2/4). Let m(j) = 4*j**3 - 2*j**2 + 9*j. Let l(f) = p*m(f) + 7*x(f). Determine l(-4).
4
Suppose 3*x = 3*g + 48, -2*g = -3*x + 21 + 27. Suppose 2*v = 6*v + x. Let l(q) be the first derivative of -q**2/2 + 2*q - 1. Determine l(v).
6
Let p = -12 + 16. Let r(v) = -6 - p*v + 4*v**2 - 2*v**2 - v**2. Calculate r(5).
-1
Let x = -75/4 + 94/5. Let j(r) be the second derivative of -r - 3/2*r**2 - 1/6*r**3 + 0*r**4 + 0 + x*r**5. Determine j(0).
-3
Let g(p) be the third derivative of -p**4/24 - p**3 + 17*p**2. What is g(-7)?
1
Suppose a + 1 = 0, -2*d - 4*a - 16 = -3*d. Let n be (2/(-8))/((-1)/d). Suppose 8*l - n*l = -20. Let j(w) = -w**2 - 5*w - 4. Determine j(l).
0
Let p = -934 - -930. Let i(y) = 4*y - 4 + 2*y**2 - 1 + 0*y. Calculate i(p).
11
Let x(t) be the second derivative of 5*t**4/12 - 2*t**3/3 - t**2/2 - 5*t. Let c(q) = -9*q**2 + 9*q + 1. Let f(n) = -4*c(n) - 7*x(n). What is f(6)?
-9
Let s(o) = -2 - 4*o + 3*o + 4. Let y be s(-2). Let d(w) = 3*w + 2 - w**2 + 3*w + 0*w**2. What is d(y)?
10
Suppose -2*p - 20 = v, 28 = -v - 3*p + 3. Let a = v + 11. Let n(b) be the first derivative of -2*b**4 - b**3/3 + b**2/2 - 1. What is n(a)?
-8
Suppose -4*s + 2 = -14. Let g(l) = -l**3 + 4*l**2 + 3*l - 6. What is g(s)?
6
Suppose 5*j + 2*t - 41 - 39 = 0, 3*j - 39 = -3*t. Suppose l - 4*l = -j. Let o(z) = -z + 3*z + l - 3 - 3*z. Calculate o(4).
-1
Let b(z) = -z**3 + z**2 + z + 1. Let x(p) = 4*p**3 - 4*p**2 - 3*p + 6. Let s(d) = 3*b(d) + x(d). Determine s(0).
9
Let g(w) be the first derivative of -w**4/4 - 4*w**3/3 - w**2 - 2*w + 2. Suppose -q + 5*l = -6*q, -5*l = -q - 18. Determine g(q).
-5
Let y(n) = -n**3 - 11*n**2 + 12*n - 2. Let d(v) = -v**3 - 12*v**2 + 13*v - 3. Let k(z) = 5*d(z) - 6*y(z). Give k(-7).
-3
Let t = -12 - -14. Let w(o) = o**2 + 4*o - 3. Give w(t).
9
Let s = -10 - -13. Let v = -2 + s. Let q(x) = -6*x**2 + x. Let z be q(v). Let c(u) = -u**2 - 4*u. Calculate c(z).
-5
Let w(f) be the third derivative of f**6/120 - f**4/12 + f**2. Suppose -2 = -21*y + 22*y. What is w(y)?
-4
Let q(a) = 3*a - 37. Let s be q(11). Let m(j) = -j**3 - 3*j**2 + 4*j - 3. Give m(s).
-3
Suppose 40*q - 47*q = 0. Let m be (12/1)/(3/2). Let c(s) = -11*s + 20. Let j(r) = -4*r + 7. Let a(n) = m*j(n) - 3*c(n). Determine a(q).
-4
Let a(t) = -683*t + 3 + 0*t**2 + t**2 + 688*t. Calculate a(-4).
-1
Let g(i) = 3 + 0 - i - 1. Suppose -14 = -3*o + 4. Let n = o - 11. Give g(n).
7
Let s(a) = 9*a**2 - 20*a + 9. Let r(f) = -6*f**2 + 13*f - 6. Let l(t) = 8*r(t) + 5*s(t). Give l(2).
-7
Let d(s) = -5*s**2 + 4*s + 3. Let u(y) = 4*y**2 - 3*y - 3. Let a(z) = -3*d(z) - 4*u(z). Give a(0).
3
Let h(p) be the third derivative of p**5/60 - 5*p**4/12 + p**3/3 + p**2. Calculate h(9).
-7
Let q(p) = p**2 - p - 2. Suppose 4 = w - 0*w, -2*w - 16 = -3*f. Let d(o) = -o**3 + 9*o**2 - 7*o - 11. Let y be d(f). Let n = 1 + y. Give q(n).
4
Suppose 2*y = y - 5. Let s(r) = r**2 + 5*r - 1. Determine s(y).
-1
Let x(r) be the third derivative of -r**5/30 - r**4/24 - 5*r**2. Let d(y) = y**2 + y - 1. Let w be d(-3). Let a = -4 + w. Determine x(a).
-3
Let z(t) = 0*t**3 + 3*t**3 - 3 - 9*t**2 - 2 - 4*t**3 - 8*t. What is z(-8)?
-5
Suppose -i + 5*k = -2*i - 5, 2*k - 16 = -4*i. Let h(q) be the second derivative of -q**3/6 - 5*q**2/2 + 112*q - 2. Give h(i).
-10
Let d(h) = h. Let n(w) = w. Let l(o) = 4*d(o) - 5*n(o). Let t(u) = -2*u + 1. Let g(m) = 3*l(m) - t(m). What is g(-6)?
5
Let p(j) = j + 4. Let x(a) = -7*a**2 + a. Let b be (-2 - (-1 + 2))/(-3). Let o be x(b). Calculate p(o).
-2
Suppose 2*m + 4 = i + 2, -4*i + 3 = -3*m. Let g(z) = -z**2 + 8*z + 11. Let u be g(9). Let p(h) = 0 + i - h**u + h. Give p(0).
0
Let a(q) = -q - 1. Let t(b) = -4*b. Let j(f) = -2*a(f) + t(f). Calculate j(4).
-6
Suppose l + 5*n + 28 = 0, -l - 5*n = -3*l + 19. Let p(a) be the second derivative of -a**5/20 - a**4/4 - a**3/6 + 3*a**2/2 - 2*a. Determine p(l).
6
Let s(a) = -3*a**2 + a**2 - a + 0*a. Suppose -5*l = -3*l - 3*r - 6, l = 4*r - 2. Let x = l - 8. Determine s(x).
-6
Let f(m) = 10*m**2 - 4*m. Let l(b) be the first derivative of b**3 - b**2/2 + 1. Let u(i) = -2*f(i) + 7*l(i). Give u(-2).
2
Let b = 4 - 1. Let t = b + -6. Let x(h) = -h**3 - 4*h**2 - 3*h - 3. What is x(t)?
-3
Let l(x) = -x**2 - 4. Let u be 7/7*(0 - 3). What is l(u)?
-13
Let i = 8 - 8. Suppose d - 6 = -i*d. Let x(l) = l**2 - 7*l + 3. Determine x(d).
-3
Suppose -19*t + 24*t - 45 = 0. Let a(r) = -r**3 + 8*r**2 + 10*r - 8. Determine a(t).
1
Let m(i) = 4*i**2 - i + 1. Let g be m(1). Let a(z) = z**2 - 3*z + 6. Determine a(g).
10
Let w(f) = 1 + 53*f**2 - 32*f**2 - f**3 - 23*f**2. What is w(1)?
-2
Let r(u) = -1 + 64*u**2 - 2*u - 2*u - 61*u**2. Determine r(3).
14
Let x = 1 - -1. Suppose -x*s = 3*o + 4, 2 = -3*o + 2*s + 6. Let w(y) = -y**3 - 2 + 11*y + o*y**2 - 10*y + 3*y**2. What is w(3)?
1
Let f(m) = 6*m - 4*m + 0 - 9 + 2. Give f(5).
3
Let u(f) = -f**2 - 8*f + 2. Let v(d) = d**3 - 16*d**2 - 9. Let w be v(16). Determine u(w).
-7
Let t(u) be the first derivative of u**3/3 + u - 6. Let k(r) be the third derivative of -r**5/60 + r**4/6 + 7*r**3/6 + 2*r**2. Let w be k(5). Calculate t(w).
5
Let j(i) be the first derivative of 3*i**4/4 + i**3/3 - i**2 + i - 1. Let c = -2 + 3. Suppose -c = -4*a - 3*g, a + 0*a - 2*g - 3 = 0. Calculate j(a).
3
Let j(l) = l**3 - 2*l**2 - 5*l - 3. Let s(n) = 2*n**3 - 3*n**2 - 11*n - 7. Let y(a) = 9*j(a) - 4*s(a). Give y(6).
-5
Let b(s) = 1. Let g(q) = q - 4. Let f(k) = -5*b(k) - g(k). Let x(i) = i**3 + 10*i**2 + 8*i - 1. Let d be x(-9). Let z = 13 - d. What is f(z)?
-6
Let n = 16 + -18. Let z(g) = g + 1. Give z(n).
-1
Let g(r) be the second derivative of r**5/20 - r**4/12 - r**3/3 + r**2/2 + 10*r. What is g(-2)?
-7
Let v(g) = -g**2 + 13*g - 3. Let c be v(6). Let h be (-6)/c - 82/(-26). Let f(q) be the third derivative of q**5/30 - 5*q**4/24 + q**3/2 + 2*q**2. What is f(h)?
6
Let v = -1 + 6. Suppose 6 = v*q - 4. Suppose -12 = q*y - 2. Let l(k) = k + 2. Calculate l(y).
-3
Let q(h) be the second derivative of -h + 1/12*h**4 + h**2 - 7/6*h**3 + 0. Let d = -13 + 19. Determine q(d).
-4
Let i(s) be the second derivative of -s**7/840 - s**6/90 + s**5/60 + s**4/4 - s**3/3 + 2*s. Let d(g) be the second derivative of i(g). Determine d(-4).
-2
Let m(n) = 6*n + n**3 - 7*n + n**2 - 2*n**3. Let y(l) = 5*l**3 - 9*l**2 + 2*l. Let g(i) = -6*m(i) - y(i). Give g(-3).
-12
Suppose 4*l = 3*g - 0*g + 18, 1 = -l - 2*g. Suppose -9 = -3*k - l*u - 3, 0 = 2*k + 5*u - 7. Let h(m) = m + 7*m - 2*m + 0 - 1. Calculate h(k).
5
L